{"id":100,"date":"2016-06-09T19:56:18","date_gmt":"2016-06-09T18:56:18","guid":{"rendered":"http:\/\/www.snelec.fr\/?page_id=100"},"modified":"2016-06-27T14:19:18","modified_gmt":"2016-06-27T13:19:18","slug":"recherche-et-developpement","status":"publish","type":"page","link":"https:\/\/www.snelec.fr\/index.php\/recherche-et-developpement\/","title":{"rendered":"Recherche et d\u00e9veloppement"},"content":{"rendered":"<h2 class=\"p1\"><span class=\"s1\">Vos produits sur-mesure<\/span><\/h2>\n<div class=\"col-md-6\">\n<hr class=\"gw-spacing clearboth \" style=\"height: 20px\" \/>\n<ul class=\"arrow-list\"  style=\"margin-left: 12px;\">\n<li>Nous concevons vos nouveaux produits en tenant compte des contraintes li\u00e9es \u00e0 la <strong>CEM<\/strong>, aux <strong>vibrations<\/strong> et aussi aux besoins sp\u00e9cifiques des <strong>utilisateurs finaux<\/strong>.<\/li>\n<li>Notre expertise du milieu ferroviaire permet d&#8217;employer des technologies <strong>valid\u00e9es<\/strong> et <strong>\u00e9prouv\u00e9es<\/strong>, et ainsi d&rsquo;optimiser nos <strong>tarifs<\/strong> et <strong>d\u00e9lais<\/strong>.<\/li>\n<li>Nous pouvons si vous le souhaitez<strong> valider <\/strong>et<strong> mettre en service<\/strong> nos produits sur leur <strong>site d&rsquo;exploitation<\/strong>.<\/li>\n<li>Nous r\u00e9alisons \u00e9galement des <strong>bancs de test<\/strong>, ainsi que l&rsquo;interfa\u00e7age informatique permettant d&rsquo;<strong>automatiser<\/strong> la validation.<\/li>\n<li>Habitu\u00e9s \u00e0 concevoir suivant les <strong>normes<\/strong> ferroviaires, nous sommes r\u00e9guli\u00e8rement amen\u00e9s \u00e0 les d\u00e9passer (<strong>EN50155<\/strong> notamment). <\/li>\n<li>Nous effectuons sur demande les <strong>PV de certification<\/strong> de nos produits (CEM, feu-fum\u00e9es, vibrations, etc.) en laboratoire. <\/li>\n<\/ul><br \/>\n<\/div>\n<div class=\"col-md-6\">\n<hr class=\"gw-spacing clearboth \" style=\"height: 25px\" \/>\n<img loading=\"lazy\" decoding=\"async\" class=\"wp-image-101 size-full alignleft\" src=\"http:\/\/www.snelec.fr\/wp-content\/uploads\/2016\/06\/Centrale-de-mesure_2.png\" alt=\"Centrale de mesure_2\" width=\"324\" height=\"217\" srcset=\"https:\/\/www.snelec.fr\/wp-content\/uploads\/2016\/06\/Centrale-de-mesure_2.png 324w, https:\/\/www.snelec.fr\/wp-content\/uploads\/2016\/06\/Centrale-de-mesure_2-300x201.png 300w\" sizes=\"(max-width: 324px) 100vw, 324px\" \/><br \/>\n<hr class=\"gw-spacing clearboth \" style=\"height: 20px\" \/>\n<img loading=\"lazy\" decoding=\"async\" class=\"alignnone wp-image-102 size-full\" src=\"http:\/\/www.snelec.fr\/wp-content\/uploads\/2016\/06\/Centrale-de-mesure_1.png\" alt=\"Centrale de mesure_1\" width=\"324\" height=\"244\" srcset=\"https:\/\/www.snelec.fr\/wp-content\/uploads\/2016\/06\/Centrale-de-mesure_1.png 324w, https:\/\/www.snelec.fr\/wp-content\/uploads\/2016\/06\/Centrale-de-mesure_1-300x226.png 300w\" sizes=\"(max-width: 324px) 100vw, 324px\" \/><br \/>\n<\/div>\n<p>&nbsp;<\/p>\n","protected":false},"excerpt":{"rendered":"<p>Vos produits sur-mesure &nbsp;<\/p>\n","protected":false},"author":2,"featured_media":0,"parent":0,"menu_order":3,"comment_status":"closed","ping_status":"closed","template":"","meta":{"footnotes":""},"_links":{"self":[{"href":"https:\/\/www.snelec.fr\/index.php\/wp-json\/wp\/v2\/pages\/100"}],"collection":[{"href":"https:\/\/www.snelec.fr\/index.php\/wp-json\/wp\/v2\/pages"}],"about":[{"href":"https:\/\/www.snelec.fr\/index.php\/wp-json\/wp\/v2\/types\/page"}],"author":[{"embeddable":true,"href":"https:\/\/www.snelec.fr\/index.php\/wp-json\/wp\/v2\/users\/2"}],"replies":[{"embeddable":true,"href":"https:\/\/www.snelec.fr\/index.php\/wp-json\/wp\/v2\/comments?post=100"}],"version-history":[{"count":27,"href":"https:\/\/www.snelec.fr\/index.php\/wp-json\/wp\/v2\/pages\/100\/revisions"}],"predecessor-version":[{"id":281,"href":"https:\/\/www.snelec.fr\/index.php\/wp-json\/wp\/v2\/pages\/100\/revisions\/281"}],"wp:attachment":[{"href":"https:\/\/www.snelec.fr\/index.php\/wp-json\/wp\/v2\/media?parent=100"}],"curies":[{"name":"wp","href":"https:\/\/api.w.org\/{rel}","templated":true}]}}